{"id":110,"date":"2024-02-13T12:41:52","date_gmt":"2024-02-13T11:41:52","guid":{"rendered":"https:\/\/www.vebon.se\/?post_type=product&#038;p=110"},"modified":"2024-02-13T13:03:08","modified_gmt":"2024-02-13T12:03:08","slug":"alved-rokved","status":"publish","type":"product","link":"https:\/\/www.vebon.se\/?product=alved-rokved","title":{"rendered":"Alved \/ R\u00f6kved"},"content":{"rendered":"<p>Torr och kluven alved i 60 liters s\u00e4ck. Perfekt till r\u00f6kning och bastu.<br \/>\nL\u00e4ngd 35 cm. Levereras till din adress.<\/p>\n","protected":false},"excerpt":{"rendered":"<p>Torr och kluven alved i 60 liters s\u00e4ck. Perfekt till r\u00f6kning och bastu. L\u00e4ngd 35 cm. Levereras till din adress.<\/p>\n","protected":false},"featured_media":111,"comment_status":"open","ping_status":"closed","template":"","meta":{"_genesis_hide_title":false,"_genesis_hide_breadcrumbs":false,"_genesis_hide_singular_image":false,"_genesis_hide_footer_widgets":false,"_genesis_custom_body_class":"","_genesis_custom_post_class":"","_genesis_layout":""},"product_cat":[17],"product_tag":[],"class_list":{"0":"post-110","1":"product","2":"type-product","3":"status-publish","4":"has-post-thumbnail","6":"product_cat-okategoriserad","7":"entry","9":"first","10":"instock","11":"shipping-taxable","12":"purchasable","13":"product-type-simple"},"jetpack_sharing_enabled":true,"_links":{"self":[{"href":"https:\/\/www.vebon.se\/index.php?rest_route=\/wp\/v2\/product\/110","targetHints":{"allow":["GET"]}}],"collection":[{"href":"https:\/\/www.vebon.se\/index.php?rest_route=\/wp\/v2\/product"}],"about":[{"href":"https:\/\/www.vebon.se\/index.php?rest_route=\/wp\/v2\/types\/product"}],"replies":[{"embeddable":true,"href":"https:\/\/www.vebon.se\/index.php?rest_route=%2Fwp%2Fv2%2Fcomments&post=110"}],"wp:featuredmedia":[{"embeddable":true,"href":"https:\/\/www.vebon.se\/index.php?rest_route=\/wp\/v2\/media\/111"}],"wp:attachment":[{"href":"https:\/\/www.vebon.se\/index.php?rest_route=%2Fwp%2Fv2%2Fmedia&parent=110"}],"wp:term":[{"taxonomy":"product_cat","embeddable":true,"href":"https:\/\/www.vebon.se\/index.php?rest_route=%2Fwp%2Fv2%2Fproduct_cat&post=110"},{"taxonomy":"product_tag","embeddable":true,"href":"https:\/\/www.vebon.se\/index.php?rest_route=%2Fwp%2Fv2%2Fproduct_tag&post=110"}],"curies":[{"name":"wp","href":"https:\/\/api.w.org\/{rel}","templated":true}]}}